the highest common factor of h and m?
8
Suppose -w + k + 39 = 0, k - 2 = 2. Let n be (w + 1)/(1/(-1)). Let h be 1 - (-4)/((-16)/n). Calculate the highest common divisor of h and 30.
6
Let o be 2/(-10)*-2*5. Let m(p) = -2*p**3 + 10*p**2 - 15*p + 33. Let s be m(4). Suppose o*g - 25 = s. Calculate the greatest common factor of 75 and g.
15
Suppose 87*s + 474426 = 1745670. Calculate the greatest common divisor of 52 and s.
52
Suppose -4*r - 3*o = o - 52, -4*r = 5*o - 49. Suppose 56*b + 316 = 52*b. Let k = 81 + b. What is the highest common factor of k and r?
2
Let k = 392 - 132. Let z be (-1250)/(-24) + 4/(-48). What is the greatest common factor of k and z?
52
Let l = 73317 + -51645. What is the greatest common factor of 6 and l?
6
Let x(l) = -l**3 + 42*l**2 + 38*l - 20. Let w be x(43). Let h = w + 440. Calculate the highest common divisor of h and 123.
41
Let d(g) = 6*g**2 - 83*g - 4378. Let n be d(-53). Calculate the highest common divisor of 27 and n.
27
Let r be 15*(2 + 392/(-210)). What is the greatest common factor of 1538 and r?
2
Let i(j) = 32*j + 568. Let y be i(-14). Calculate the highest common divisor of y and 1720.
40
Suppose -x = 4*m - 3200, 3*x - 499 - 1101 = -2*m. What is the greatest common divisor of 900 and m?
100
Suppose -16*f + 4026 = 311 - 893. Suppose 279 = 5*u + w + 3*w, 102 = 2*u + 4*w. Let m be (u - 5)*4/6. Calculate the greatest common factor of m and f.
36
Let r(d) = -d**3 + 5*d**2 + 36*d + 4. Let q be r(9). Suppose 324 = q*g + 4*k, 3*g - 22 = k + 217. What is the highest common divisor of 10 and g?
10
Suppose -8*o + 57 = 17. Let c = 19 + o. What is the greatest common factor of 192 and c?
24
Suppose 547*l = 573*l - 10920. Calculate the greatest common factor of l and 156.
12
Let w(a) = 9*a**2 + 6*a + 26. Let l be w(-5). Suppose 15*o - 129 = 126. What is the greatest common divisor of l and o?
17
Let b = 319 + -159. Let g be (4/12)/((-3)/531). Let d = 5 - g. What is the highest common divisor of d and b?
32
Let l be -94*1/((-4)/6). Suppose 0 = 4*r - 7*r + l. What is the greatest common divisor of 517 and r?
47
Let u(v) = 11*v - 138. Let p be u(14). Let j be p/(-56) + 8532/21. What is the greatest common divisor of 14 and j?
14
Let f = -37 - -65. Suppose r + 247 = 2*c, -201 = -5*c - 3*r + 444. Let w be c/(-36)*(1 + -33). What is the greatest common factor of f and w?
28
Suppose -2*h + 0*p = -4*p + 12, 5*p = 3*h + 13. Let b be -4 - (-24)/h - -76. What is the greatest common divisor of b and 2?
2
Let m = -43 - -58. Let j be 197/3 - (-5)/m. Let i = -11 + j. What is the highest common factor of 22 and i?
11
Let b(j) = j**2 + 10*j + 2. Let a be b(-10). Suppose 3*d - a*h - 2*h - 1523 = 0, 4 = h. What is the highest common factor of 57 and d?
57
Let u be 56/(-14) - 136/(-1). Let l be (8 - u/15)/(2/(-795)). Suppose -l - 142 = -2*g. What is the highest common factor of 46 and g?
46
Let v = -193 - -213. Let h = 64 + -53. Suppose -h*n + 131 = -1849. Calculate the highest common divisor of n and v.
20
Let x be 17/((-51)/(-60)) + (-3 - 7). Let b be (170/(-25))/((-1)/5). Calculate the highest common factor of x and b.
2
Let q be (-8)/(-4) - 1/(-1). Suppose 0 = -4*g + 3*z - 8, -19 = -q*g - 4*z. Let c be (2 - g)/((-18)/(-234)). What is the highest common factor of c and 39?
13
Let s = 180 + 44. Let r = 298 - s. What is the greatest common factor of 74 and r?
74
Let v = -2456 + 2500. What is the greatest common factor of v and 20?
4
Let r = 19446 + -11007. What is the highest common factor of 194 and r?
97
Suppose 0 = -8*i + 2*i + 18. Let s be 2/2 + i + -3. Let y(f) = 2*f**2 - 44*f + 241. Let w be y(12). Calculate the highest common divisor of s and w.
1
Let n be (-9)/4*8/(-6). Suppose 0 = y - 2, n*f - 2*y - 157 = 247. What is the highest common factor of f and 17?
17
Suppose 1076 - 141 = 5*a. Suppose 4*q - 3*n = -23 + 3, -2*q + 4 = -5*n. Let j be 9*2 - (-7 - q). What is the highest common divisor of a and j?
17
Let b be ((-3)/(-9))/((-2)/(-30)) + -2. Suppose -30 = -3*x - b*x. Suppose -x*t - 2 = -6*t. What is the greatest common factor of 5 and t?
1
Let z be 828/(-2)*195/(-390). What is the greatest common factor of 575 and z?
23
Let z = -298 + 194. Let r = -99 - z. Suppose -3*i - 3*y + 3 = y, 2 = 2*i - r*y. Calculate the greatest common divisor of 19 and i.
1
Let a = -18136 - -19848. Calculate the highest common divisor of 88 and a.
8
Suppose -40 - 1 = -3*l - 4*n, 3*n + 49 = 5*l. Let a(t) = 0*t**2 - l*t - 6 + 3*t**2 - 3*t - 7. Let h be a(6). Calculate the greatest common factor of 77 and h.
11
Let m be ((-310356)/740)/(12/(-40)). What is the highest common divisor of m and 138?
6
Suppose 432*n + 161874 - 73141 - 908669 = 0. What is the highest common divisor of n and 442?
26
Let a be 72/36*(-16)/(-2). Suppose 2*l + 57*z = 60*z + 106, -a = -4*z. What is the greatest common factor of l and 59?
59
Let z(f) = f**3 - f**2 - f + 19. Let o be z(0). Let t = 567 + -555. Suppose 0 = t*b - 300 - 156. What is the greatest common divisor of o and b?
19
Suppose -4*r - 108 = -2*d, 3*r - 1 + 16 = 0. Calculate the highest common factor of d and 76.
4
Let g(y) = -y**2 - 59*y + 455. Let l be g(-54). Calculate the highest common factor of 6380 and l.
145
Let h = -118 - -122. Suppose -12 = -n - h. Suppose -7*t - 29 = -n*t. What is the greatest common factor of t and 87?
29
Suppose -3 = -b + 1. Let m = -3496 - -3510. What is the greatest common divisor of b and m?
2
Let w = -236 + 432. Let q be ((2/6 - 17/(-102))*-14)/(7/(-686)). Calculate the greatest common divisor of q and w.
98
Let u = -12920 + 13664. Calculate the greatest common factor of 4588 and u.
124
Suppose -3*f + 5*f + 44 = 0. Let n = -203 - -71. Let r = f - n. What is the highest common factor of 10 and r?
10
Suppose -5*r - 4*v + 2*v = 489, -4*v = 8. Let z = r + 141. What is the highest common factor of 352 and z?
44
Let v(q) = -q**2 + 5*q + 44. Let y be v(7). What is the highest common factor of 330 and y?
30
Suppose -33*z + 110 = -29*z - 3*o, -2*z - 4*o = -88. Calculate the highest common factor of 712 and z.
8
Suppose -45*c + 49*c - 20 = 0. Suppose 4*q - 3 = c. Suppose 7 = a + q*w - 4, 4*a = -w + 79. What is the greatest common factor of 3 and a?
3
Let f be (2 - 0) + (16 - 56). Let a = 254 + f. Suppose -y + 81 = 2*y. What is the highest common divisor of y and a?
27
Let b(j) = -1542*j - 656. Let h be b(-4). Calculate the greatest common divisor of h and 208.
104
Suppose -29*v + 54 = -2*v. Let h be 3/v*((-134)/(-3) + -6). What is the highest common factor of 87 and h?
29
Let d = 24 - 20. Let o be 138/d*4/6. Suppose -3*m - 4*q + 342 = -5*q, 0 = 5*m - 2*q - 569. What is the highest common divisor of m and o?
23
Let k = -32647 + 32660. What is the highest common divisor of 269 and k?
1
Let b be 4/(-6)*(-17 + 14). Calculate the greatest common factor of b and 53.
1
Let n = 22 + -18. Suppose -482 = -n*f - 42. Suppose 0 = -13*p + 8*p + f. What is the greatest common factor of 2 and p?
2
Suppose -h = 5*q - 434, 379*h - 426 = 378*h + 3*q. Calculate the highest common factor of 51 and h.
3
Let w = -5 - -11. Let p(t) = 15*t + 28. Let j(l) = 37*l + 55. Let v(r) = 3*j(r) - 7*p(r). Let q be v(w). Calculate the greatest common divisor of q and 55.
5
Suppose f - 29*q + 25*q = 5311, 6*q = -2*f + 10622. What is the greatest common divisor of f and 517?
47
Suppose 4*m - 3166 = 5*g, -1574 = -14*m + 12*m + 4*g. Calculate the greatest common divisor of 3 and m.
1
Let r(t) = -8*t**2 - 7*t - 12. Let s be r(-5). Let a = s + 289. Let z be (-7)/(-2*(-4)/(-16)). What is the greatest common divisor of z and a?
14
Let q(d) = 11*d**2 + 22*d - 72. Let s(p) = -4*p**2 - 7*p + 24. Let j(c) = -3*q(c) - 8*s(c). Let n be j(-10). What is the greatest common factor of 18 and n?
6
Let o be (-3640)/(-195)*(-3)/(-4). Calculate the highest common divisor of o and 574.
14
Let r be (6128/(-24))/((-215)/(-45) - 5). Calculate the highest common factor of 3 and r.
3
Suppose -9405 = 2*w - 10849. Suppose 4*r = 2*r + 152. What is the highest common factor of r and w?
38
Let g be 2/(3 + 681/(-225)). Let l be ((-420)/g)/(2/20). Calculate the greatest common divisor of 70 and l.
14
Suppose 4*i - 1 = 3*q, 24*i = 20*i + 16. Let h = -15 - -51. Let b = -16 + h. Calculate the greatest common factor of b and q.
5
Let z = 313 - 295. Let i = 4 + z.